- 189. List the prime factors of u.
61
List the prime factors of (-740)/(-9) + (-18)/81.
2, 41
Let w = 76 + -45. Let i be (1 - (4 - 1)) + w. Let g = 41 - i. List the prime factors of g.
2, 3
Suppose 5*c = 5*b - 150, 0*b + 4*b = c + 105. List the prime factors of b.
5
Suppose -164 = -5*a + a. What are the prime factors of a?
41
Let y be (-3)/(2 + (-14)/4). Let v = -1 + 3. List the prime factors of -1*v/y - -9.
2
Let k = 5 - -1. What are the prime factors of k?
2, 3
Let u = -123 - -300. What are the prime factors of u?
3, 59
Let k = 10 + -6. Suppose -28 = -3*q + j, 0*j - 36 = -k*q + 2*j. Suppose -m + 2*m = q. What are the prime factors of m?
2, 5
Let u(b) = -5*b - 3. Let s(j) = -j**2 - 5*j - 1. Let w be s(-6). Let v be u(w). Suppose -r = -4*n + v, -n - 1 = 4*r - 2*r. What are the prime factors of n?
7
Let a(k) = -k**2 - k + 13. Suppose -2*z + l + 3 = -0, 4*z + 6 = -2*l. What are the prime factors of a(z)?
13
Suppose 3*p + 4*v = 652, 5*v - 647 = -11*p + 8*p. What are the prime factors of p?
2, 7
Suppose 0 = -2*g + 48 - 14. Let f = g + 6. What are the prime factors of f?
23
Let v(g) = 24*g**2 - 2*g - 8. List the prime factors of v(-2).
2, 23
Let w = -160 + 228. What are the prime factors of w?
2, 17
Suppose -2*n - 5*f = -0*f - 172, 0 = -3*n - 5*f + 248. List the prime factors of n.
2, 19
Let d = 398 + -267. What are the prime factors of d?
131
Let j = 6 + 14. Suppose v - j = 40. Suppose 4*b - v = -b. What are the prime factors of b?
2, 3
Suppose 0 = 3*w - 22 + 1. Suppose -3*s - 2 = -0*u - u, -52 = -4*u + s. Let r = u - w. What are the prime factors of r?
7
Let d = -83 - -102. Let l = 76 - 38. Suppose l = 2*r + t, -4*t = -r + t + d. List the prime factors of r.
19
Let k(x) = 2*x**3 + x. Let i be k(-1). Let t be (2 - -1) + i + 2. Suppose -t*c - 3*c + 50 = 0. List the prime factors of c.
2, 5
Suppose -4*c - 12 = -4*p - 2*c, 0 = -3*p + 2*c + 10. Suppose -3*l - 91 = -5*g - p*l, -2*g - l + 35 = 0. List the prime factors of g.
2, 3
Let d(n) = n + 45. List the prime factors of d(20).
5, 13
What are the prime factors of (-20)/10 + 0 + 110?
2, 3
List the prime factors of (-5811)/(-27) - (-1 - (-11)/9).
5, 43
Let x = 103 + -57. List the prime factors of x.
2, 23
Suppose 5*h - 302 = -42. Suppose 0 = -6*l + 8*l - h. List the prime factors of l.
2, 13
Let j = -9 + 8. Let y = j - -7. What are the prime factors of y?
2, 3
Let a be 3 + (-2 - -2)/(-3). Suppose 6*u - a*u = 6. Suppose 38 = 4*b - u*w, -2*b + 31 = 2*b + 5*w. List the prime factors of b.
3
What are the prime factors of 8/(-6) + 530/6?
3, 29
Let t(h) = -h**2 - 8*h - 7. Let w be t(-6). Suppose -2 = -2*v, 2*k + 45 = w*k + 3*v. What are the prime factors of k?
2, 7
Let f be (3/(-2))/(3/4). What are the prime factors of -2 - (9/(-3) + f)?
3
Let z = 4 + -1. List the prime factors of 4/6 - (-22)/z.
2
Suppose -5*h + 6*r = r + 55, 5*r = -4*h - 53. Let c be (5/2)/((-3)/h). Suppose 0 = a - 2*a + c. What are the prime factors of a?
2, 5
Suppose 80 = 2*b - 4*u, u - 70 = -b - 3*u. What are the prime factors of b?
2, 5
Suppose 0 = 6*u - u. Let l = -2 + 3. What are the prime factors of (u - l)/(1/(-12))?
2, 3
Let q = -27 + 31. What are the prime factors of q?
2
Let c(g) = 5*g**2 - 2*g + 30. What are the prime factors of c(7)?
3, 29
Suppose 0 = 3*x - 0*x - 33. What are the prime factors of x?
11
Let y = -7 + 10. Suppose y*v + k = 24, 4*v - 5*k = -20 + 71. Suppose -v = -4*n + 31. List the prime factors of n.
2, 5
Suppose 4*l - 25 - 23 = 0. Suppose 0 = -3*m - l, 5*g - g + 2*m = 84. What are the prime factors of g?
23
Suppose 3*d = -3*z + 117, -31 - 39 = -2*z - 4*d. List the prime factors of z.
43
Let o = 4 - 1. Suppose -10 = -o*f + 23. Let t = 4 + f. What are the prime factors of t?
3, 5
Let y(b) = b**2 + 8*b + 8. Suppose -3*f = -2*k - 5 + 4, 0 = 2*k + 3*f + 31. List the prime factors of y(k).
2
Suppose -2*r = -s + 23 + 5, 0 = 4*s + r - 157. List the prime factors of s.
2, 19
Suppose 5*d = -3*i + 55 + 208, -5*i = 5*d - 255. Suppose y = 2*z + 2*z - d, -5*z - 3*y = -90. Let f = z - 9. List the prime factors of f.
2, 3
Suppose 0 = -3*t - z + 2, -3*z + 0*z - 8 = 2*t. Suppose -4*a + 2*x + 38 = 0, -t = -2*x - 12. Suppose -19 + a = -2*y. List the prime factors of y.
2, 3
Let v(c) = c**2 - c - 2. Let g be v(-3). Suppose g = j + 3*k, -j - k + 10 = -4*j. List the prime factors of j/5 + (-208)/(-20).
2, 5
Suppose -3*n = -3*w + n + 730, 0 = 2*w + n - 472. What are the prime factors of w?
2, 7, 17
Let n(q) = q**2 + 3*q. Let h be n(-3). What are the prime factors of (10/8 + h)*4?
5
Suppose 13 = 4*d + 2*m - 31, 0 = 4*d + m - 40. List the prime factors of d.
3
Suppose 14 = 5*c - 3*c. Suppose 0 = -o - 3 + c. Suppose o*u = 33 + 47. List the prime factors of u.
2, 5
Let t(a) = -4*a**3 - a**2 - 5*a - 3. What are the prime factors of t(-3)?
3, 37
Let q(d) = d**3 - 7*d**2 + 6*d - 4. List the prime factors of q(7).
2, 19
Let i = -206 - -356. Suppose -5*o + 4*v = -i, 2*o = 3*o - 4*v - 14. Let s = o - 24. What are the prime factors of s?
2, 5
Suppose 4*v - 19 - 81 = 0. What are the prime factors of v?
5
Let x(p) = -p**3 + 7*p**2 - 9*p. Let t be x(6). What are the prime factors of t/(-24) + (-218)/(-8)?
2, 7
List the prime factors of 6*(-8)/12 - -139.
3, 5
Let f be (-33)/(-2)*8/(-3). Let q = 63 + f. List the prime factors of q.
19
Suppose 2 = -3*r - 4. List the prime factors of (494/39)/(r/(-3)).
19
What are the prime factors of (-316)/(-3) - ((-1)/(-3) - 0)?
3, 5, 7
List the prime factors of (7 + -3)/2 - -61.
3, 7
Let t(r) = 27*r - 24. List the prime factors of t(5).
3, 37
What are the prime factors of 804/21 - (-4)/(-14)?
2, 19
Let w be 1/(-1) - 6/(-2). Suppose -w*l - 2*v = -18, -v + 6*v = -l + 29. Suppose -l*x + 50 = x. List the prime factors of x.
2, 5
List the prime factors of (10 + -9)/(2 - (-651)/(-327)).
109
Let l = -2 + -15. Let i = l - -38. What are the prime factors of i?
3, 7
Suppose 3*f = 7 + 56. What are the prime factors of f?
3, 7
Let l = -29 - -45. What are the prime factors of l?
2
Suppose -s = 2*s. Suppose 0 = -s*r + r - 18. Suppose 4*c - r = 14. What are the prime factors of c?
2
Let q = 59 - 19. Let w = 86 - q. List the prime factors of w.
2, 23
Let f(o) = o**3 + 12*o**2 + 8*o - 13. Let h be f(-11). Suppose 0 = -4*k - h, 5*j - 3*k = -0*k + 35. List the prime factors of j.
2
Let o(c) = -2*c + 1. Let f = 3 + -4. Let x be o(f). Suppose -2*t + i + 23 = 0, -3*i + x = 2*t - 8. List the prime factors of t.
2, 5
Suppose 4*k + 29 = 5*k. What are the prime factors of k/(2/(6/3))?
29
Let q = -77 + 197. List the prime factors of q.
2, 3, 5
Let v(x) = 2*x - 7. Suppose 2*a - 4*a = 24. Let q(b) = b**3 + 11*b**2 - 14*b - 18. Let s be q(a). What are the prime factors of v(s)?
5
Suppose -6*y - 4*j + 396 = -2*y, 0 = -5*y + 3*j + 455. What are the prime factors of y?
2, 47
Suppose -2*n = -4*n + 8. Suppose n*k = 0, -t - k = -0*t. Let d = 13 - t. List the prime factors of d.
13
List the prime factors of 0 - (3 - 4) - (-133)/1.
2, 67
Let c(z) = z**2 + 7*z - 5. Let o be c(-7). Let m = 7 + o. Suppose -1 = m*x - 25. What are the prime factors of x?
2, 3
Let u = -2 - -1. Let r = u - -4. What are the prime factors of r?
3
Let s = 59 + -27. List the prime factors of s.
2
Let u be (-5 + 6)*(-1 + 0). What are the prime factors of (-1 - -2)/(u/(-8))?
2
Suppose 0 = l + l. Suppose -s + 20 = 2*o + 3*o, -s = l. Suppose -2*d = -k + o*k - 31, 0 = -k - 4*d + 17. List the prime factors of k.
3
Let p = 9 - -2. Suppose -p = 5*l - 0*i + 2*i, 1 = 3*l + 5*i. Let t = 6 + l. What are the prime factors of t?
3
Let z = 147 - 87. List the prime factors of z.
2, 3, 5
Suppose -2*b = -141 - 189. List the prime factors of b.
3, 5, 11
Suppose -i + 3*l = -5*i + 279, 3*l + 183 = 3*i. List the prime factors of i.
2, 3, 11
Let x(r) = -4*r - 3. Suppose -s + 3*z + 24 = 0, -3*s - z + 14 = -8. Let v(u) = 17*u + 11. Let b(g) = s*x(g) + 2*v(g). What are the prime factors of b(-4)?
3
Let b(f) = -2*f + 1. Let p be b(-1). Suppose p*d - 60 = -3*t, t + 3*d = 12 - 0. Suppose 3*x + 6 = t. What are the prime factors of x?
2, 3
Suppose 0*f = f - 3. Suppose f*l + l + 4 = 4*r, 0 = -l + 3*r + 1. What are the prime factors of (-12 - l)*6/(-5)?
2, 3
Suppose -4*d = 3*i - 268, 3*d + i + i = 200. What are the prime factors of d?
2
Suppose 4*x = -4*v, -9 = -5*v + 3*v - 5*x. Let d = 4 + v. What are the p